tive of -20*g**3/3 + 101*g**2 - 6*g + 235. Calculate the remainder when d(9) is divided by 52.
36
Suppose 41*i = 51*i - 850. Let o = i + -10. What is the remainder when o is divided by 16?
11
Let l(n) = n**2 + 131*n + 2849. Calculate the remainder when 5056 is divided by l(-107).
279
Let s = -87 + 142. Let n = 102 + -72. Calculate the remainder when s is divided by n.
25
What is the remainder when 1784 is divided by 2/(-5) - (2172/(-30) - 13)?
84
Suppose -4*a + 4*l = -2092, -5*l + 112 = a - 393. Calculate the remainder when a is divided by 104.
0
Suppose -5*u + 4*m - 8*m = -60, -4*m = -2*u + 52. What is the remainder when 33 is divided by (20/u)/((-8)/(-64))?
3
Let g = -3961 + 3967. Calculate the remainder when 1011 is divided by g.
3
Suppose -5*d + 310 = -0*d. Calculate the remainder when 16/(352/3850) - -8 is divided by d.
59
Let u be ((-15)/(-5) - 4) + 5. Suppose u*r + 2*t = t - 3, 2*r + 3*t = 11. Let a(l) = -28*l - 5. What is the remainder when a(r) is divided by 13?
12
Let v = -52 + 64. Calculate the remainder when (90 - 88)/(2/56 + 0) is divided by v.
8
Suppose 4*z - 3*o - 55 = 74, -119 = -4*z + 5*o. Suppose 0 = 277*s - 304*s + 4779. What is the remainder when s is divided by z?
33
Let w(u) = u**2 + u + 1. Let j be w(-4). Let z = j + -9. Suppose 5*b + 46 = 4*r, 28 = 34*r - 32*r - 5*b. What is the remainder when r is divided by z?
1
Let f(q) = -107*q + 82. Let d be f(3). Let i = -69 - d. Calculate the remainder when i is divided by 19.
18
Let g = -39076 - -40666. Calculate the remainder when 4777 is divided by g.
7
Suppose -3*y = 12 - 33. Suppose 8*t - 22 = y*t. Calculate the remainder when 76 is divided by t.
10
Suppose 4*m - u - 1239 = 0, -5*m - 1443*u + 1580 = -1438*u. What is the remainder when m is divided by 40?
31
Let q(v) = -9*v**2 + 103*v - 33. What is the remainder when q(9) is divided by 78?
9
Let l(b) = 3*b - 59. Let q be l(21). What is the remainder when 257 is divided by (6/q*-1)/(129/(-3698))?
42
Let f(k) = 6*k**2 - 37*k + 95. What is the remainder when 6320 is divided by f(4)?
42
Let z(b) = -2*b + 21. Let v be z(8). Suppose -5*l + 520 = v*p, 0*l = -3*l - 4*p + 312. Calculate the remainder when l is divided by 53.
51
Suppose o = y - 169, 0*y - 4*y = 5*o - 694. Let g(x) = -12*x + 7. What is the remainder when y is divided by g(-3)?
42
Let s be 12/(-72) - 1/12*6946. Let a = 585 + s. Calculate the remainder when 35 is divided by a.
5
Let n(y) = 50*y**2 - 6*y - 7. Let g be n(-2). Let t = g + -179. What is the remainder when 79 is divided by t?
1
Let c be (0/(1 + -3))/((-78)/(-39)). What is the remainder when 32 is divided by (c + 2)*(-4)/(28/(-49))?
4
Let m = -50 - 209. Let r = 288 + m. Calculate the remainder when r is divided by 19.
10
Let p = -29897 + 29904. What is the remainder when p is divided by 2 + (4/2 - -1)?
2
Suppose 0 = -4*x + 12. Suppose 42 = 3*m + 3*z - 3, 0 = x*z. Suppose 3*n = 5*h + 44 - 6, 0 = -3*n - 4*h + 2. What is the remainder when m is divided by n?
3
Let d = 690 - -893. What is the remainder when d is divided by 13?
10
Suppose -26800*c = -26830*c + 442230. What is the remainder when c is divided by 273?
272
Let i(c) = 6*c - 1. Suppose -70*r + 192*r - 1295 = 413. Calculate the remainder when i(4) is divided by r.
9
Calculate the remainder when 6324/28 + (3 - (-60)/(-21)) is divided by 10.
6
Let c(a) = -53*a - 338. Calculate the remainder when 1664 is divided by c(-9).
135
Suppose 0 = h + 4, -17 = -8*w + 13*w - 2*h. Calculate the remainder when w/((-60)/(-8)) - 104/(-3) is divided by 25.
9
Suppose -342*b + 57*b + 90149 - 34574 = 0. Calculate the remainder when b is divided by 6.
3
Let r be (-19 + 49)*(1 + 2/(-4)). Let d = r - -2. Calculate the remainder when d is divided by 4.
1
Let u(b) = b**3 + 3*b**2 - b. Suppose 2*l = 40*l - 1292. What is the remainder when l is divided by u(2)?
16
Suppose -p + 419 = -k, 0 = 5*p + k - 927 - 1144. Calculate the remainder when p is divided by 108.
91
Let j be (-3)/(36/8)*(-57)/2. Suppose 0 = -j*m + 132 + 1597. Calculate the remainder when m is divided by 16.
11
Suppose -137*x = -75 - 357 - 116. Calculate the remainder when 1482 is divided by x.
2
Suppose 2*l = -2*v + 110, -l + 76*v = 73*v - 55. Calculate the remainder when 190 is divided by l.
25
Let s be ((-791)/(-21))/((-1)/(-3)). Let k = s + -111. What is the remainder when 10 is divided by k?
0
Let c(n) = -3*n + 3. Suppose 0 = 2*o + 5*j - 288, 414 = 8*o - 5*o + 3*j. Suppose -o + 10 = -2*t. What is the remainder when t is divided by c(-6)?
20
Let c = 106 + -97. Suppose -c*w - 50 = -1931. What is the remainder when w is divided by 109?
100
Suppose 10*b = 12 + 8. What is the remainder when 6 is divided by (-1)/(-2)*(b - (-5 + -1))?
2
Suppose 2158 = 5*n + 2*w + 187, -15 = -5*w. Calculate the remainder when n is divided by 65.
3
What is the remainder when -21*(672/(-36) + 3) is divided by 13?
4
Suppose 1832 + 6080 + 3320 = 36*o. What is the remainder when o is divided by 38?
8
Let c = 31 + -32. Let x be 4 + c/2*-82. Let y = x - 14. Calculate the remainder when y is divided by 8.
7
What is the remainder when 910 is divided by 21 - 11 - (5 + -3)?
6
Let n be 1/(-1) - (-104)/(-1). Let i be 1/(2 + n/54). What is the remainder when 137 is divided by 3/i + 1002/36?
25
Let a be 41/2*(-23 - -21). Let v = 47 - a. Suppose 4*u - 144 = -4*f, -3*f - 2*u + 4*u + v = 0. Calculate the remainder when 157 is divided by f.
29
What is the remainder when 929 is divided by ((-6)/16*18)/((-4 - -2)/8)?
11
Let k(u) = -484*u - 1858. Calculate the remainder when 521 is divided by k(-4).
53
Suppose -14*u + 15*u = 3, 3*i + 3*u = 4950. What is the remainder when 1655 is divided by i?
8
What is the remainder when -14*-9*20/42 is divided by (56/196*-105)/(-1 - 2)?
0
Let t be -6 + -1 - (-7952)/(-16). Let f = t + 733. Calculate the remainder when f is divided by 8.
5
Suppose 14*y - 164255 = -14*y - 37*y. What is the remainder when y is divided by 110?
107
Suppose 2*w = -2*i + 2932, i - 1087 - 379 = -5*w. Calculate the remainder when i is divided by 10.
6
Let l(q) = -9*q + 13*q + 4*q + 6. What is the remainder when 193 is divided by l(1)?
11
Suppose k = -7 + 1. What is the remainder when k/27 + (-812)/(-9) is divided by 5*1/(-1) - (-144*1)/6?
14
Suppose 4*f - 762 - 194 = 0. What is the remainder when f is divided by ((288/(-135))/((-4)/(-6)))/(6/(-30))?
15
Suppose 4*s = -140 + 24. Suppose 48 = 4*m - 3*m. Let c = s + m. Calculate the remainder when 64 is divided by c.
7
Suppose -d - f = -1059, 3*f + 2143 = 3*d - d. Calculate the remainder when d is divided by 61.
27
Calculate the remainder when -12*(-7)/(-21)*-724 is divided by 21.
19
What is the remainder when 17 - (-478 + (20 - 0)) is divided by 231?
13
What is the remainder when 656 is divided by 24*(81/10 + 6/(-10))?
116
Suppose 29*h - 2*v - 27 = 28*h, 4*h - 2*v = 114. What is the remainder when 91 is divided by h?
4
Suppose -5*q - f = -3*f - 318, 5*q + 3*f = 298. Let g = -55592 + 55835. Calculate the remainder when g is divided by q.
57
Let r be 6/4*1 - (-34748)/136. Let k = 275 - r. What is the remainder when 35 is divided by k?
17
Suppose 4*n - 123 = 141. Let s(f) = -44*f + 199. Calculate the remainder when n is divided by s(4).
20
Let l = 416 - 434. Suppose -4*y + 0*u = 4*u - 4, 2*y - u = 5. Calculate the remainder when (-286)/(-198) + 8/l - -1 is divided by y.
0
Let i(d) = -2*d**3 - 9*d**2 - 4*d + 15. Let u be i(-4). Suppose -2*w + 16*s - u*s + 67 = 0, 137 = 4*w - 3*s. Calculate the remainder when 639 is divided by w.
31
Suppose -54*b - 710 = -52*b. Let i = -237 - b. What is the remainder when i is divided by 18?
10
Let m(x) = 3*x**3 + 5*x**2 + x - 1. Let v(u) = -u**2 - u. Let y(l) = -m(l) + 2*v(l). What is the remainder when y(-4) is divided by 24?
21
Let c(p) be the third derivative of -5*p**4/24 + 2*p**3 - 26*p**2. Let v be c(-17). Suppose -96*n = -v*n + 15. What is the remainder when 27 is divided by n?
12
Suppose l + 2*l = 4*n - 9112, n + 4*l - 2240 = 0. What is the remainder when n is divided by 31?
9
Let b be 34/17*(3/4 + 196/(-16)). Suppose -6*z - 188 = -2*z. Let n = b - z. What is the remainder when n is divided by 7?
3
Suppose -24*i = 91*i - 2990. Suppose 4*k + 78 = 6*k + 5*m, -5*m = -3*k + 92. Calculate the remainder when k is divided by i.
8
Let p = -74 + 58. Let s(l) = 14*l**3 + l*